{"id":373,"date":"2013-09-10T14:06:33","date_gmt":"2013-09-10T14:06:33","guid":{"rendered":"https:\/\/www.panoramictaormina.it\/?page_id=373"},"modified":"2019-05-23T13:07:40","modified_gmt":"2019-05-23T13:07:40","slug":"galerie-de-photos","status":"publish","type":"page","link":"https:\/\/www.panoramictaormina.it\/fr\/galerie-de-photos\/","title":{"rendered":"Galerie de Photos"},"content":{"rendered":"<div class=\"wpb-content-wrapper\">[vc_row el_class=\u00a0\u00bbwrap\u00a0\u00bb][vc_column][vc_column_text]\n<h2>H\u00f4tel<\/h2>\n[\/vc_column_text][vc_media_grid element_width=\u00a0\u00bb3&Prime; item=\u00a0\u00bbmediaGrid_FadeInWithIcon\u00a0\u00bb grid_id=\u00a0\u00bbvc_gid:1460455334966-67a781d5-affa-1&Prime; include=\u00a0\u00bb2173,2174,2175,2176,2177,2178,2182,2179,2186,2187,2189,2181,2183,926,931,933,934,2180,935,936,2184,2185,938,939,941,942,944,945,947,949,950,952,2188,1946,959,960,962,968&Prime;][vc_column_text]\n<h2>Chambres<\/h2>\n[\/vc_column_text][vc_media_grid element_width=\u00a0\u00bb3&Prime; item=\u00a0\u00bbmediaGrid_FadeInWithIcon\u00a0\u00bb grid_id=\u00a0\u00bbvc_gid:1460455335024-9f696294-68e3-5&Prime; include=\u00a0\u00bb2169,2168,969,970,971,972,974,975,976,977,978,979,980,981,982,983,984,985,988,2170,2171&Prime;][\/vc_column][\/vc_row]\n<\/div>","protected":false},"excerpt":{"rendered":"<p>[vc_row el_class=\u00a0\u00bbwrap\u00a0\u00bb][vc_column][vc_column_text] H\u00f4tel [\/vc_column_text][vc_media_grid element_width=\u00a0\u00bb3&Prime; item=\u00a0\u00bbmediaGrid_FadeInWithIcon\u00a0\u00bb grid_id=\u00a0\u00bbvc_gid:1460455334966-67a781d5-affa-1&Prime; include=\u00a0\u00bb2173,2174,2175,2176,2177,2178,2182,2179,2186,2187,2189,2181,2183,926,931,933,934,2180,935,936,2184,2185,938,939,941,942,944,945,947,949,950,952,2188,1946,959,960,962,968&Prime;][vc_column_text] Chambres [\/vc_column_text][vc_media_grid element_width=\u00a0\u00bb3&Prime; item=\u00a0\u00bbmediaGrid_FadeInWithIcon\u00a0\u00bb grid_id=\u00a0\u00bbvc_gid:1460455335024-9f696294-68e3-5&Prime; include=\u00a0\u00bb2169,2168,969,970,971,972,974,975,976,977,978,979,980,981,982,983,984,985,988,2170,2171&Prime;][\/vc_column][\/vc_row]<\/p>\n","protected":false},"author":30,"featured_media":0,"parent":0,"menu_order":0,"comment_status":"open","ping_status":"open","template":"","meta":{"_genesis_hide_title":false,"_genesis_hide_breadcrumbs":false,"_genesis_hide_singular_image":false,"_genesis_hide_footer_widgets":false,"_genesis_custom_body_class":"galleria","_genesis_custom_post_class":"","_genesis_layout":"","footnotes":""},"class_list":{"0":"post-373","1":"page","2":"type-page","3":"status-publish","5":"entry"},"yoast_head":"<!-- This site is optimized with the Yoast SEO plugin v25.7 - https:\/\/yoast.com\/wordpress\/plugins\/seo\/ -->\n<title>Galerie de Photos - Panoramic Hotel<\/title>\n<meta name=\"description\" content=\"Modern H\u00f4tel 4 \u00e9toiles \u00e0 Taormina avec une vue panoramique de l&#039;\u00eele Belle et Capo Taormina.\" \/>\n<meta name=\"robots\" content=\"index, follow, max-snippet:-1, max-image-preview:large, max-video-preview:-1\" \/>\n<link rel=\"canonical\" href=\"https:\/\/www.panoramictaormina.it\/fr\/galerie-de-photos\/\" \/>\n<meta property=\"og:locale\" content=\"fr_FR\" \/>\n<meta property=\"og:type\" content=\"article\" \/>\n<meta property=\"og:title\" content=\"Galerie de Photos - Panoramic Hotel\" \/>\n<meta property=\"og:description\" content=\"Modern H\u00f4tel 4 \u00e9toiles \u00e0 Taormina avec une vue panoramique de l&#039;\u00eele Belle et Capo Taormina.\" \/>\n<meta property=\"og:url\" content=\"https:\/\/www.panoramictaormina.it\/fr\/galerie-de-photos\/\" \/>\n<meta property=\"og:site_name\" content=\"Panoramic Hotel\" \/>\n<meta property=\"article:modified_time\" content=\"2019-05-23T13:07:40+00:00\" \/>\n<script type=\"application\/ld+json\" class=\"yoast-schema-graph\">{\"@context\":\"https:\/\/schema.org\",\"@graph\":[{\"@type\":\"WebPage\",\"@id\":\"https:\/\/www.panoramictaormina.it\/fr\/galerie-de-photos\/\",\"url\":\"https:\/\/www.panoramictaormina.it\/fr\/galerie-de-photos\/\",\"name\":\"Galerie de Photos - Panoramic Hotel\",\"isPartOf\":{\"@id\":\"https:\/\/www.panoramictaormina.it\/fr\/#website\"},\"datePublished\":\"2013-09-10T14:06:33+00:00\",\"dateModified\":\"2019-05-23T13:07:40+00:00\",\"description\":\"Modern H\u00f4tel 4 \u00e9toiles \u00e0 Taormina avec une vue panoramique de l'\u00eele Belle et Capo Taormina.\",\"breadcrumb\":{\"@id\":\"https:\/\/www.panoramictaormina.it\/fr\/galerie-de-photos\/#breadcrumb\"},\"inLanguage\":\"fr-FR\",\"potentialAction\":[{\"@type\":\"ReadAction\",\"target\":[\"https:\/\/www.panoramictaormina.it\/fr\/galerie-de-photos\/\"]}]},{\"@type\":\"BreadcrumbList\",\"@id\":\"https:\/\/www.panoramictaormina.it\/fr\/galerie-de-photos\/#breadcrumb\",\"itemListElement\":[{\"@type\":\"ListItem\",\"position\":1,\"name\":\"Home\",\"item\":\"https:\/\/www.panoramictaormina.it\/fr\/\"},{\"@type\":\"ListItem\",\"position\":2,\"name\":\"Galerie de Photos\"}]},{\"@type\":\"WebSite\",\"@id\":\"https:\/\/www.panoramictaormina.it\/fr\/#website\",\"url\":\"https:\/\/www.panoramictaormina.it\/fr\/\",\"name\":\"Panoramic Hotel\",\"description\":\"\",\"potentialAction\":[{\"@type\":\"SearchAction\",\"target\":{\"@type\":\"EntryPoint\",\"urlTemplate\":\"https:\/\/www.panoramictaormina.it\/fr\/?s={search_term_string}\"},\"query-input\":{\"@type\":\"PropertyValueSpecification\",\"valueRequired\":true,\"valueName\":\"search_term_string\"}}],\"inLanguage\":\"fr-FR\"}]}<\/script>\n<!-- \/ Yoast SEO plugin. -->","yoast_head_json":{"title":"Galerie de Photos - Panoramic Hotel","description":"Modern H\u00f4tel 4 \u00e9toiles \u00e0 Taormina avec une vue panoramique de l'\u00eele Belle et Capo Taormina.","robots":{"index":"index","follow":"follow","max-snippet":"max-snippet:-1","max-image-preview":"max-image-preview:large","max-video-preview":"max-video-preview:-1"},"canonical":"https:\/\/www.panoramictaormina.it\/fr\/galerie-de-photos\/","og_locale":"fr_FR","og_type":"article","og_title":"Galerie de Photos - Panoramic Hotel","og_description":"Modern H\u00f4tel 4 \u00e9toiles \u00e0 Taormina avec une vue panoramique de l'\u00eele Belle et Capo Taormina.","og_url":"https:\/\/www.panoramictaormina.it\/fr\/galerie-de-photos\/","og_site_name":"Panoramic Hotel","article_modified_time":"2019-05-23T13:07:40+00:00","schema":{"@context":"https:\/\/schema.org","@graph":[{"@type":"WebPage","@id":"https:\/\/www.panoramictaormina.it\/fr\/galerie-de-photos\/","url":"https:\/\/www.panoramictaormina.it\/fr\/galerie-de-photos\/","name":"Galerie de Photos - Panoramic Hotel","isPartOf":{"@id":"https:\/\/www.panoramictaormina.it\/fr\/#website"},"datePublished":"2013-09-10T14:06:33+00:00","dateModified":"2019-05-23T13:07:40+00:00","description":"Modern H\u00f4tel 4 \u00e9toiles \u00e0 Taormina avec une vue panoramique de l'\u00eele Belle et Capo Taormina.","breadcrumb":{"@id":"https:\/\/www.panoramictaormina.it\/fr\/galerie-de-photos\/#breadcrumb"},"inLanguage":"fr-FR","potentialAction":[{"@type":"ReadAction","target":["https:\/\/www.panoramictaormina.it\/fr\/galerie-de-photos\/"]}]},{"@type":"BreadcrumbList","@id":"https:\/\/www.panoramictaormina.it\/fr\/galerie-de-photos\/#breadcrumb","itemListElement":[{"@type":"ListItem","position":1,"name":"Home","item":"https:\/\/www.panoramictaormina.it\/fr\/"},{"@type":"ListItem","position":2,"name":"Galerie de Photos"}]},{"@type":"WebSite","@id":"https:\/\/www.panoramictaormina.it\/fr\/#website","url":"https:\/\/www.panoramictaormina.it\/fr\/","name":"Panoramic Hotel","description":"","potentialAction":[{"@type":"SearchAction","target":{"@type":"EntryPoint","urlTemplate":"https:\/\/www.panoramictaormina.it\/fr\/?s={search_term_string}"},"query-input":{"@type":"PropertyValueSpecification","valueRequired":true,"valueName":"search_term_string"}}],"inLanguage":"fr-FR"}]}},"publishpress_future_action":{"enabled":false,"date":"2026-05-07 04:12:16","action":"change-status","newStatus":"draft","terms":[],"taxonomy":"translation_priority","extraData":[]},"publishpress_future_workflow_manual_trigger":{"enabledWorkflows":[]},"_links":{"self":[{"href":"https:\/\/www.panoramictaormina.it\/fr\/wp-json\/wp\/v2\/pages\/373","targetHints":{"allow":["GET"]}}],"collection":[{"href":"https:\/\/www.panoramictaormina.it\/fr\/wp-json\/wp\/v2\/pages"}],"about":[{"href":"https:\/\/www.panoramictaormina.it\/fr\/wp-json\/wp\/v2\/types\/page"}],"author":[{"embeddable":true,"href":"https:\/\/www.panoramictaormina.it\/fr\/wp-json\/wp\/v2\/users\/30"}],"replies":[{"embeddable":true,"href":"https:\/\/www.panoramictaormina.it\/fr\/wp-json\/wp\/v2\/comments?post=373"}],"version-history":[{"count":6,"href":"https:\/\/www.panoramictaormina.it\/fr\/wp-json\/wp\/v2\/pages\/373\/revisions"}],"predecessor-version":[{"id":2202,"href":"https:\/\/www.panoramictaormina.it\/fr\/wp-json\/wp\/v2\/pages\/373\/revisions\/2202"}],"wp:attachment":[{"href":"https:\/\/www.panoramictaormina.it\/fr\/wp-json\/wp\/v2\/media?parent=373"}],"curies":[{"name":"wp","href":"https:\/\/api.w.org\/{rel}","templated":true}]}}

<div class="wpb-content-wrapper">[vc_row el_class= »wrap »][vc_column][vc_column_text]
<h2>Hôtel</h2>
[/vc_column_text][vc_media_grid element_width= »3&Prime; item= »mediaGrid_FadeInWithIcon » grid_id= »vc_gid:1460455334966-67a781d5-affa-1&Prime; include= »2173,2174,2175,2176,2177,2178,2182,2179,2186,2187,2189,2181,2183,926,931,933,934,2180,935,936,2184,2185,938,939,941,942,944,945,947,949,950,952,2188,1946,959,960,962,968&Prime;][vc_column_text]
<h2>Chambres</h2>
[/vc_column_text][vc_media_grid element_width= »3&Prime; item= »mediaGrid_FadeInWithIcon » grid_id= »vc_gid:1460455335024-9f696294-68e3-5&Prime; include= »2169,2168,969,970,971,972,974,975,976,977,978,979,980,981,982,983,984,985,988,2170,2171&Prime;][/vc_column][/vc_row]
</div>

<p>[vc_row el_class= »wrap »][vc_column][vc_column_text] Hôtel [/vc_column_text][vc_media_grid element_width= »3&Prime; item= »mediaGrid_FadeInWithIcon » grid_id= »vc_gid:1460455334966-67a781d5-affa-1&Prime; include= »2173,2174,2175,2176,2177,2178,2182,2179,2186,2187,2189,2181,2183,926,931,933,934,2180,935,936,2184,2185,938,939,941,942,944,945,947,949,950,952,2188,1946,959,960,962,968&Prime;][vc_column_text] Chambres [/vc_column_text][vc_media_grid element_width= »3&Prime; item= »mediaGrid_FadeInWithIcon » grid_id= »vc_gid:1460455335024-9f696294-68e3-5&Prime; include= »2169,2168,969,970,971,972,974,975,976,977,978,979,980,981,982,983,984,985,988,2170,2171&Prime;][/vc_column][/vc_row]</p>

<!-- This site is optimized with the Yoast SEO plugin v25.7 - https://yoast.com/wordpress/plugins/seo/ -->
<title>Galerie de Photos - Panoramic Hotel</title>
<meta name="description" content="Modern Hôtel 4 étoiles à Taormina avec une vue panoramique de l&#039;île Belle et Capo Taormina." />
<meta name="robots" content="index, follow, max-snippet:-1, max-image-preview:large, max-video-preview:-1" />
<link rel="canonical" href="https://www.panoramictaormina.it/fr/galerie-de-photos/" />
<meta property="og:locale" content="fr_FR" />
<meta property="og:type" content="article" />
<meta property="og:title" content="Galerie de Photos - Panoramic Hotel" />
<meta property="og:description" content="Modern Hôtel 4 étoiles à Taormina avec une vue panoramique de l&#039;île Belle et Capo Taormina." />
<meta property="og:url" content="https://www.panoramictaormina.it/fr/galerie-de-photos/" />
<meta property="og:site_name" content="Panoramic Hotel" />
<meta property="article:modified_time" content="2019-05-23T13:07:40+00:00" />
<script type="application/ld+json" class="yoast-schema-graph">{"@context":"https://schema.org","@graph":[{"@type":"WebPage","@id":"https://www.panoramictaormina.it/fr/galerie-de-photos/","url":"https://www.panoramictaormina.it/fr/galerie-de-photos/","name":"Galerie de Photos - Panoramic Hotel","isPartOf":{"@id":"https://www.panoramictaormina.it/fr/#website"},"datePublished":"2013-09-10T14:06:33+00:00","dateModified":"2019-05-23T13:07:40+00:00","description":"Modern Hôtel 4 étoiles à Taormina avec une vue panoramique de l'île Belle et Capo Taormina.","breadcrumb":{"@id":"https://www.panoramictaormina.it/fr/galerie-de-photos/#breadcrumb"},"inLanguage":"fr-FR","potentialAction":[{"@type":"ReadAction","target":["https://www.panoramictaormina.it/fr/galerie-de-photos/"]}]},{"@type":"BreadcrumbList","@id":"https://www.panoramictaormina.it/fr/galerie-de-photos/#breadcrumb","itemListElement":[{"@type":"ListItem","position":1,"name":"Home","item":"https://www.panoramictaormina.it/fr/"},{"@type":"ListItem","position":2,"name":"Galerie de Photos"}]},{"@type":"WebSite","@id":"https://www.panoramictaormina.it/fr/#website","url":"https://www.panoramictaormina.it/fr/","name":"Panoramic Hotel","description":"","potentialAction":[{"@type":"SearchAction","target":{"@type":"EntryPoint","urlTemplate":"https://www.panoramictaormina.it/fr/?s={search_term_string}"},"query-input":{"@type":"PropertyValueSpecification","valueRequired":true,"valueName":"search_term_string"}}],"inLanguage":"fr-FR"}]}</script>
<!-- / Yoast SEO plugin. -->

Modern Hôtel 4 étoiles à Taormina avec une vue panoramique de l'île Belle et Capo Taormina.
